
Let c be (-11 - -10)*(-17 + (3 - 0)). Suppose -c*p + 18*p = -3*k + 2157, k + 2701 = 5*p. What is the hundreds digit of p?
5
Let a(y) = 2*y**2 + 51. Let w(n) = -n**2 - 3*n + 2. Let z be w(0). Let g = -2 + z. What is the units digit of a(g)?
1
Let d = 5963 - 3953. What is the units digit of d?
0
Let p(u) = -18*u - 160. Let j be p(-9). Suppose 1438 = j*k + 4*t, 2338 = 3*k + 2*t + 181. What is the units digit of k?
9
Let m(x) = x**3 + 12*x**2 - 13*x - 10. Let d be m(-13). What is the hundreds digit of (-4 + 16)*-1*695/d?
8
Let y be 18/10*(-5 - (-35)/21). What is the units digit of 1*(y - 0 - -154)?
8
Let x = -155 - -159. Suppose -3*z - x*p = -931, z - 84 - 221 = 4*p. What is the tens digit of z?
0
Suppose 0 = -4*i - 1 + 13. Let p be (i/(-15))/((-9)/585). Suppose -p*v = -22*v + 765. What is the tens digit of v?
8
Suppose 0 = -b + 17 - 11. Let l(c) = 3*c**3 - 6*c**2 - 6*c + 19. What is the units digit of l(b)?
5
Let s(t) = 34*t**2 + 8*t + 2. Let a be s(6). Let o = -878 + a. What is the hundreds digit of o?
3
Suppose 32 = -2*s - 4*n, 0 = -30*s + 25*s - 3*n - 52. What is the tens digit of (-2790)/(-8) - 2/s?
4
Suppose -5*j + 18163 = 2*f - 12922 + 1923, -4*j = 0. What is the ten thousands digit of f?
1
Let i(b) = -121 + b - 84 + 228. Let y be i(7). Suppose -35*m + 825 = -y*m. What is the units digit of m?
5
Let d = -2743 + 6135. Suppose 0 = -3*g - 2*s + d - 126, 5*g = -s + 5434. What is the hundreds digit of g?
0
Let b be ((-246)/15)/((-2)/10). Let q(r) = -r. Let i be q(-7). Suppose -3*z + 3*s = i*s - b, s - 4 = 0. What is the tens digit of z?
2
Let j(h) = 3*h**2 + 50*h + 28. Let l be j(-16). What is the units digit of (-330)/(-85) + l + (-5952)/(-17)?
0
Let t = 533 - 533. Suppose -28*f + 34*f - 8436 = t. What is the thousands digit of f?
1
Let h(y) = -1899*y - 2357. What is the tens digit of h(-31)?
1
Suppose 5*u - 3633 = 2082. Suppose -862 - u = -5*l. What is the units digit of l?
1
Suppose 54967 - 17107 = 3*p - 3*s, s = 4*p - 50489. What is the tens digit of p?
2
Suppose -o + 2*g - 24 = -0*o, 0 = 4*o + 3*g + 151. Let v = o - -36. Suppose v*l - 509 + 19 = 0. What is the units digit of l?
5
Let q(c) = -45*c + 61. Suppose m - 2*v - 6 = -2, 3*m + 13 = v. What is the units digit of q(m)?
1
Let b(h) = -569*h + 3121. What is the hundreds digit of b(-27)?
4
Suppose 4*c - 28 + 16 = 0. Suppose 4*s = -3*a - 568 - 751, 0 = c*s + 6. Let w = -266 - a. What is the hundreds digit of w?
1
Let p = -47 + 47. Suppose 2*y - 644 = -2*d, 3*y - d = 2*d + 996. Suppose -6*n + 3*n + y = p. What is the hundreds digit of n?
1
Let v = 44 - 5. Let n = v + 26. What is the units digit of n?
5
Let z = 21062 - 10201. What is the hundreds digit of z?
8
Let y = 157 + -158. What is the units digit of (-95*6/(-120))/(y/(-52))?
7
Let h(n) = 6*n**3 - n**2 - 4*n + 4. Let x be h(1). Suppose x*i + 98 = 63. What is the tens digit of (12 - -1)/(0 + (-1)/i)?
9
Suppose 6*c - 4*t = -9*t + 77289, 2*c = 3*t + 25749. What is the thousands digit of c?
2
Let v(y) = 136*y - 1108. What is the units digit of v(14)?
6
Suppose s - 4 - 11 = 0. Let n be ((-54)/s)/(4/(-130)). Suppose 5*h - 273 - n = 0. What is the units digit of h?
8
Let f be -4 + 22*(-2)/4. Let o(r) = -2*r - 26. Let p be o(f). Suppose 0*s = -s + 5*x + 31, p*x + 31 = s. What is the units digit of s?
1
Let o(s) = -2*s**3 + 3*s**2 - s - 8. Let p be o(3). Let h = 64 + p. Suppose 2*g + 6 = h. What is the units digit of g?
0
Let w(h) = -18*h**2 - 18*h + 131. Let k(f) = 87*f**2 + 91*f - 656. Let s(j) = -2*k(j) - 11*w(j). What is the tens digit of s(6)?
3
Suppose 0 = 986*b - 980*b - 18. Suppose -b = -g, 0 = n + 3*g - 166 - 144. What is the hundreds digit of n?
3
Let a be ((-2 - -3)*-55)/(-2 + 1). Let b = a - 51. What is the units digit of b + 0 + 0 + 57?
1
Suppose -y - 3 = -1. Let d(j) = -j**2 - 21*j - 40. Let c be d(-19). What is the tens digit of 2/((-236)/(-117) + c) + y?
1
Let k(m) = m**2 + 4*m + 4. Let u be k(-4). Suppose 0 = -3*r + 3*i + 2625, 7*i - 2637 = -3*r + u*i. What is the tens digit of r?
7
Let u = -297 - -317. Suppose -i - 33250 = -u*i. What is the hundreds digit of i?
7
Let f(c) = -6*c + 220. Let t be f(36). Suppose t*u = 4*v + 3568, -u + v - 5*v = -897. What is the hundreds digit of u?
8
Let u = 85 - 108. Let j(c) = -5*c - 75. What is the units digit of j(u)?
0
Let o(l) be the first derivative of -2*l**3/3 + l**2/2 + 9*l - 149. Let p = -12 + 12. What is the units digit of o(p)?
9
Suppose 5*j - 3 = 3*u, -3*j - u + 15 - 2 = 0. Suppose j*d = 8*d - 370. Suppose 67 = 3*t - d. What is the tens digit of t?
4
Suppose 3*z + 2*z = 70. Let j be (-114)/(-7) + (-4)/z. What is the tens digit of ((1 - 1) + (-9)/(-6))*j?
2
Let o(u) = -3*u**2 - 16*u - 11. Let y be o(-11). Let a = y - -508. What is the tens digit of a?
1
Suppose -8*k - 4*k = -8544. Suppose 33 = -7*f + k. Let w = f + -61. What is the units digit of w?
6
What is the thousands digit of (-4)/7 - (-7856100)/735?
0
Let t = 138 - -66. Let l = t - 150. What is the tens digit of l?
5
Let r be (-4)/14 + (-304)/(-133). Let t(b) = b - 37 + 20 - 25 - b**3 + 10*b**r. What is the tens digit of t(8)?
9
Let s(k) = -3*k**3 + 13*k**2 - 35*k + 218. What is the units digit of s(-16)?
4
Let s(p) = 12*p - 31 + 13*p**2 - 66 - 20 - 4*p + 11*p. What is the hundreds digit of s(5)?
3
Suppose s - 2 = 0, -4*h - 2*s = -10 - 118. Suppose -h*d + 4380 = -19*d. What is the units digit of d?
5
Suppose 33*u = -129*u + 11334654. What is the tens digit of u?
6
Suppose 21622 = 11*h - 28349 - 27183. What is the hundreds digit of h?
0
Let p(t) = -t + 8. Let y be p(5). Suppose -y*q = -0*q - 183. Suppose q = 5*f - 4*f. What is the tens digit of f?
6
Suppose 20*l = 6*l + 39942. What is the units digit of l?
3
Let t(z) = 0*z**2 - z + 10 - 5*z**2 - 2*z - 12. Let a be t(-1). What is the tens digit of -2 - ((-135)/5 - a)?
2
Let s = 121 - 119. Suppose -3*v - s*u - 118 = v, 5*v = 2*u - 125. What is the units digit of (-2)/(v/1899*(-4)/(-6))?
1
Let u = -45636 - -69198. What is the tens digit of u?
6
Let w be 7 + 77/(-7) + 938. Let r = -556 + w. What is the tens digit of r?
7
Let a(w) = -1 + 5 - 28*w - 2 - 4. Let k be a(-1). Suppose 7*b - 9 - k = 0. What is the units digit of b?
5
What is the tens digit of (-3 - (-6 - (2 - 6)))/(5/(-23255))?
5
Let v = 16993 + -9792. What is the hundreds digit of v?
2
Let t = 115 + -114. Let s be (-100)/(-24) - ((-20)/24 + t). Suppose -s*p = b - 193, 2 = p + 6. What is the hundreds digit of b?
2
Let k = -16317 + 36058. What is the units digit of k?
1
Let p(i) = 3*i**3 - 28*i**2 - 13*i - 8. Let y be p(12). Let x = y + -249. What is the units digit of x?
9
Let u(o) = 446*o**2 - 6*o + 5. Let a = 193 + -192. What is the hundreds digit of u(a)?
4
Let o = -357 + 357. Suppose o*s = -19*s + 16112. What is the units digit of s?
8
Let a(l) = -320 - 41*l + 84 + 99. What is the units digit of a(-26)?
9
Suppose 0 = 3*i - 3*m - 171, 4*i + m - 61 = 3*i. Suppose 54*t = i*t - 950. What is the tens digit of t?
9
Let q(s) = -s**3 + 37*s**2 + 71*s + 1022. What is the ten thousands digit of q(-23)?
3
Suppose 3*m = 5*m + 338. Let w be (-32)/3*(-882)/(-28). Let k = m - w. What is the tens digit of k?
6
Suppose 13728*j - 252288 = 13680*j. What is the units digit of j?
6
Let i = 17277 + 3111. What is the thousands digit of i?
0
What is the tens digit of (-132)/(-24)*2246100/330?
3
Let p be ((-2075)/(-15))/((-4)/72). Let n = p - -3557. What is the thousands digit of n?
1
Suppose 5*t = -2*i + 9 - 96, 4*t = 20. Let y = 202 - i. What is the tens digit of (-3*(-4)/36)/(1/y)?
8
Let o(h) be the first derivative of h**4/2 - 4*h**3/3 + 6*h**2 - 40*h + 6. Let d(s) be the first derivative of o(s). What is the units digit of d(-6)?
6
Suppose 0 = -3*b - h - h + 22912, b + 5*h - 7607 = 0. What is the hundreds digit of b?
6
Let m(g) be the first derivative of -97*g**2/2 - 256*g - 32. What is the units digit of m(-10)?
4
Let l = -647 - -2155. What is the thousands digit of l?
1
Let t(h) = -35*h - 6. Let a be t(-5). Suppose -u = 5*y - a, 0*y + y - 32 = -2*u. Let d = y + -23. What is the units digit of d?
1
Suppose 12*w - 26 = 10. Suppose 5*x = 33 - w. Suppose -411 = -x*k + 171. What is the tens digit of k?
9
Suppose 2*t - 5*j - 9 = 0, 2*j = -5*t + 3*t + 2. Let x(h) = 5*h**2 + 27 + 23*h - h**2 - 2*h**2 - h**t. What is the units digit of x(-